
Let n(c) = -7*c**2 - 1213*c + 5983. Calculate n(-178).
109
Let f(x) = x - 154. Determine f(5).
-149
Let g(t) = -2024*t + 74848. Give g(38).
-2064
Let n(w) = -w**3 + 468*w**2 + 2341*w - 127. Give n(-5).
-7
Let r(c) = 3*c**2 + 35*c + 463. What is r(-15)?
613
Let j(r) = -156*r**2 - 34491*r - 3327. What is j(-221)?
-12
Let h(d) = -148*d**2 - 346*d + 1044. What is h(3)?
-1326
Let k(b) = 74180*b + 815972. What is k(-11)?
-8
Let t(l) = -56*l**2 + 39566*l + 18384. Determine t(707).
2
Let a(x) = -1101*x + 3972. Calculate a(4).
-432
Let q(j) = 2*j**3 + 859*j**2 - 3907*j - 431. Determine q(-434).
3
Let k(f) = 379*f + 6030. Calculate k(-15).
345
Let v(h) = 7827*h + 352122. Calculate v(-45).
-93
Let g(t) = -2245*t + 98780. Calculate g(44).
0
Let i(j) = j**3 + 150*j**2 - 609*j + 948. What is i(-154)?
-130
Let n(i) = 29561*i + 147238. Calculate n(-5).
-567
Let h(l) = -l**3 + 92*l**2 + 155*l - 37556. What is h(89)?
2
Let p(c) = -2*c**2 + 48*c - 351. Give p(22).
-263
Let z(y) = -2055*y + 137665. What is z(67)?
-20
Let h(w) = 6996*w + 398779. Calculate h(-57).
7
Let u(d) = 1334*d + 98743. Determine u(-74).
27
Let z(g) = 65*g**3 + 5*g**2 - 182*g + 342. Give z(2).
518
Let l(u) = -4*u**3 - 339*u**2 + 80*u + 272. Determine l(-85).
697
Let r(q) = -q**3 - 16*q**2 - 74133*q - 1260577. Calculate r(-17).
-27
Let d(z) = -5*z**3 + 17*z**2 + 300*z - 2047. Determine d(7).
-829
Let x(j) = -797*j - 15543. Give x(-25).
4382
Let y(r) = 10*r**3 - 10868*r**2 + 126852*r - 2165. What is y(1075)?
-15
Let k(m) = 5*m**3 + 24*m**2 + 9*m - 434. Calculate k(0).
-434
Let f(s) = -2637*s + 131368. Determine f(50).
-482
Let s(c) = 104*c**2 + 4013*c + 6075. Give s(-37).
-30
Let k(o) = o**2 + 58*o - 413. Give k(7).
42
Let r(l) = 2799*l - 268724. Give r(96).
-20
Let s(g) = 10*g**2 - 2767*g + 20295. Calculate s(269).
-418
Let o(l) = 6*l**3 + 474*l**2 - 161*l - 13039. What is o(-79)?
-320
Let m(y) = y**3 - 33*y**2 - 367*y + 12771. Calculate m(27).
-1512
Let s(a) = -124*a**2 + 287*a + 10239. Determine s(-8).
7
Let b(j) = 4477*j + 510438. What is b(-114)?
60
Let z(k) = 27*k**2 - 1011*k - 5206. What is z(-5)?
524
Let p(u) = -3622*u + 14259. Calculate p(4).
-229
Let p(t) = -25375*t + 964279. What is p(38)?
29
Let s(x) = -226*x**2 - 3637*x - 3701. What is s(-15)?
4
Let g(i) = 14*i**2 - 1018*i + 13647. What is g(55)?
7
Let y(k) = 159*k + 12503. Determine y(-77).
260
Let c(n) = 102*n**2 + 1117*n + 989. Determine c(-10).
19
Let o(g) = -3*g**2 - 13589*g - 189664. Determine o(-14).
-6
Let k(l) = -2*l**3 + 84*l**2 + 2012*l - 11. Calculate k(59).
343
Let j(h) = -h**3 + 20*h**2 - 38*h + 135. What is j(16)?
551
Let p(s) = -s**3 - 17*s**2 - 1028*s - 15068. What is p(-15)?
-98
Let d(u) = 11*u**3 - 168*u**2 + 348*u - 32. What is d(15)?
4513
Let p(c) = -3*c**2 + 225*c + 118797. What is p(240)?
-3
Let l(j) = -234503*j + 1172612. Give l(5).
97
Let s(m) = 77*m**2 + 4284*m + 77. What is s(-55)?
-2618
Let g(b) = b**3 + 239*b**2 + 1247*b - 35186. What is g(-233)?
-3
Let s(a) = -31422*a + 219929. Give s(7).
-25
Let u(n) = -n**2 + 212*n + 60051. Give u(-161).
-2
Let q(x) = -1599*x - 16023. What is q(-10)?
-33
Let p(x) = x**3 - 181*x**2 - 1753*x - 438. Determine p(-9).
-51
Let k(f) = 12*f**2 + 3880*f - 26011. Determine k(-330).
389
Let x(h) = 1328*h - 808751. Calculate x(609).
1
Let c(r) = 19640*r - 58922. Calculate c(3).
-2
Let p(a) = 3*a**2 - 39513*a - 1148397. Give p(-29).
3
Let a(f) = 473*f**2 - 39734*f + 162. Calculate a(84).
-6
Let p(d) = 1187*d - 17785. Determine p(15).
20
Let d(f) = f**3 + 157*f**2 - 3082*f - 342951. Give d(-163).
1
Let j(p) = -2*p**3 + 862*p**2 - 29167*p + 4333. Give j(394).
-1
Let p(s) = -8*s**3 + 438*s**2 + 108*s + 43. Calculate p(55).
-67
Let m(w) = -78*w**2 - 911*w - 76. Determine m(-6).
2582
Let v(f) = 239*f - 267. Calculate v(-2).
-745
Let j(t) = -39*t**2 + 276*t - 2170. Calculate j(8).
-2458
Let f(v) = -327*v + 22552. Calculate f(69).
-11
Let g(y) = 19*y**3 + y**2 + 8*y - 13. Determine g(3).
533
Let s(c) = c**3 + 76*c**2 - 299*c - 17. Determine s(4).
67
Let r(l) = -2*l**3 + 5*l**2 - 96*l - 409. What is r(-4)?
183
Let x(m) = -11840*m**2 + 142087*m - 19. Give x(12).
65
Let o(g) = 19*g**3 + 6*g**2 + 22*g - 31. What is o(1)?
16
Let j(x) = -11638*x - 81630. Give j(-7).
-164
Let n(y) = 1892*y - 230596. Give n(122).
228
Let b(l) = -853*l**2 + 945*l + 944. What is b(-1)?
-854
Let w(v) = -2*v**3 + 143*v**2 + 75*v - 222. What is w(72)?
-6
Let k(m) = 12*m**2 + 230*m - 472. Calculate k(2).
36
Let q(m) = -8547*m + 1427427. Determine q(167).
78
Let c(s) = 2*s**2 - 5585*s - 78582. Calculate c(-14).
0
Let c(b) = 1666*b - 14958. Determine c(9).
36
Let j(m) = -97*m**2 + 90*m - 321. What is j(3)?
-924
Let f(q) = 18*q**3 - 10*q**2 - 125*q + 134. What is f(1)?
17
Let a(c) = 208622*c + 1877588. What is a(-9)?
-10
Let s(f) = -f**3 + 7*f**2 + 87*f + 203. Give s(-5).
68
Let l(q) = -q**3 + 131*q**2 + 831*q - 1284. Calculate l(137).
-51
Let a(o) = -367*o**2 + 54*o - 56. Determine a(1).
-369
Let m(i) = -i**3 - 25*i**2 + 261*i - 342. What is m(-33)?
-243
Let h(f) = -2*f**3 + 1190*f**2 - 1772*f + 346843. Give h(594).
-53
Let v(o) = -1859*o - 8479. Calculate v(-4).
-1043
Let a(s) = -2*s**3 + 6*s**2 - 7*s + 23. Give a(2).
17
Let v(r) = r**3 - 130*r**2 + 1045*r + 18595. Determine v(120).
-5
Let d(t) = -25*t**3 - 1421*t**2 + 232*t + 219. Determine d(-57).
-9
Let c(m) = 379*m + 2862. Determine c(-2).
2104
Let v(b) = 6235*b + 6682. Give v(-1).
447
Let f(t) = 34207*t + 2565556. Give f(-75).
31
Let u(z) = -14958*z - 44785. Determine u(-3).
89
Let w(u) = u**2 + 7972*u + 174799. What is w(-22)?
-101
Let s(v) = -2*v**3 - 326*v**2 + 329*v + 178. Calculate s(-164).
14
Let n(f) = 5294303*f + 68825929. Determine n(-13).
-10
Let g(q) = 4*q**2 - 4214*q - 12666. What is g(-3)?
12
Let j(y) = 8*y**3 + 3868*y**2 - 13636*y - 20. Calculate j(-487).
-20
Let m(x) = 149455*x - 747293. Determine m(5).
-18
Let n(r) = 12*r**2 - 309*r - 217. Give n(24).
-721
Let g(q) = 6*q**2 + 1852*q - 1020456. Calculate g(286).
-8
Let x(a) = -a**3 + 92*a**2 + 3968*a + 115. Give x(124).
115
Let m(h) = h**3 + 4*h**2 + 909*h + 16042. Determine m(-15).
-68
Let s(t) = -296*t - 1770. What is s(-8)?
598
Let r(d) = -56*d - 2450. Give r(-44).
14
Let t(k) = 2*k**3 - 47*k**2 + 183*k - 6. What is t(17)?
-652
Let l(h) = -688159*h + 5505275. What is l(8)?
3
Let n(i) = 2*i**2 - 108*i + 127. Give n(17).
-1131
Let j(w) = -5*w**3 + 8*w**2 + 75*w + 54. What is j(0)?
54
Let t(i) = -i**2 + 117*i + 16451. Give t(-77).
1513
Let c(j) = j**3 + 166*j**2 - 1761*j - 166. Determine c(-176).
10
Let u(t) = -6*t**3 + 473*t**2 + 3790*t - 293164. Give u(79).
5
Let z(u) = -18*u**2 + 11480*u + 14059. Determine z(639).
1
Let m(u) = 118*u + 3046. Give m(-25).
96
Let s(n) = 9*n**2 - 4811*n - 170969. Calculate s(568).
-1
Let q(k) = 8*k**2 - 422*k - 2456. Determine q(58).
-20
Let k(c) = -88463*c - 442324. Calculate k(-5).
-9
Let l(s) = -17*s**2 - 991*s + 747. Determine l(-59).
39
Let k(z) = -3666*z - 2342568. What is k(-639)?
6
Let g(t) = -74*t**2 - 3838*t + 31. Give g(-52).
-489
Let d(h) = -334*h - 11542. Calculate d(-31).
-1188
Let q(l) = l**3 - 89*l**2 - 98*l + 796. Determine q(90).
76
Let j(b) = 3657*b + 614462. Calculate j(-168).
86
Let a(x) = -2*x**3 + 323*x**2 - 205*x + 5516. Determine a(161).
-1568
Let q(i) = -234*i - 30160. Calculate q(-129).
26
Let k(w) = -w**3 + 38*w**2 + 779*w - 30483. What is k(40)?
-2523
Let c(i) = 183*i + 30758. Determine c(-168).
14
Let w(j) = -159*j + 22022. Give w(143).
-715
Let m(j) = 17*j**3 - 72*j**2 + 4*j - 16. Give m(5).
329
Let t(h) = -h**2 - 1091*h + 76344. Give t(66).
-18
Let y(j) = -2*j**3 - 364*j**2 + 384*j + 3285. Calculate y(-183).
-9
Let k(l) = 4*l**2 + 658*l - 19803. Give k(26).
9
Let g(y) = -y**3 + 31*y**2 + 5611*y - 21. Calculate g(-61).
40
Let x(k) = -139068*k**2 + 973468*k + 45. Determine x(7).
-11
Let u(p) = 2*p**2 - 67547*p - 540475. What is u(-8)?
29
Let t(i) = -19446*i + 4005874. Calculate t(206).
-2
Let q(r) = -3*r - 671. What is q(-32)?
-575
Let y(h) = -2949*h - 52949. Determine y(-18).
133
Let r(k) = k**3 + 183*k**2 + 4092*k + 266. Calculate r(-26).
6
Let d(x) = -x**3 - 60*x**2 + 622*x - 36. Determine d(-69).
-105
Let v(o) = -891*o - 9612. Give v(-11).
189
Let d(g) = -4*g**2 + 2189*g + 65. Determine d(0).
65
Let u(k) = -3100*k + 4907. Give